{"id":908,"date":"2022-11-17T16:17:20","date_gmt":"2022-11-17T15:17:20","guid":{"rendered":"https:\/\/www.bike-guides.de\/?page_id=908"},"modified":"2023-04-01T03:06:22","modified_gmt":"2023-04-01T01:06:22","slug":"teamerlebnisse-schaffen","status":"publish","type":"page","link":"https:\/\/www.bike-guides.de\/index.php\/angebot-e-mountainbike-touren\/teamerlebnisse-schaffen\/","title":{"rendered":"Teamerlebnisse schaffen"},"content":{"rendered":"\n<p>&#8222;Was passiert denn da genau?&#8220; &#8211; ist eine viel gestellte Frage. Das f\u00fchre ich gerne aus, denn  es geht im  Kern um das Team. Eine Gruppe von Menschen. Jeder f\u00fcr sich individuell, mit eigenen Kompetenzen und den unterschiedlichsten  F\u00e4higkeiten. Oft sind alle im Team gefordert auf ein Ziel \u2013 gerade in bewegten Zeiten &#8211; hinzuarbeiten. &#8222;Gemeinsam&#8220; ist f\u00fcr den Erfolg ein Schl\u00fcsselfaktor. Es geht fast immer um Ver\u00e4nderungen verbunden mit Sorgen und auch Bef\u00fcrchtungen. &#8222;Change&#8220; fordert neue Prozessschritte, erh\u00f6ht den Bedarf an Abstimmungen und verst\u00e4rkt  die Anforderungen an eine gute und zielf\u00fchrende Kommunikation. Uns ist es wichtig, Ressourcen und F\u00e4higkeiten zu entdecken, Motivation zu st\u00e4rken und ein &#8222;Wir schaffen das&#8220; Gef\u00fchl zu initiieren.<\/p>\n\n\n\n<figure class=\"wp-block-image size-large\"><img loading=\"lazy\" decoding=\"async\" width=\"1024\" height=\"563\" src=\"https:\/\/www.bike-guides.de\/wp-content\/uploads\/2022\/10\/wortwolke-2-1024x563.jpg\" alt=\"Temevents mit dem Mountainbike - Wortwolke Aufgaben\" class=\"wp-image-652\" title=\"Team auf mountainbike\"\/><\/figure>\n\n\n\n<p>Dies gelingt sehr gut auf einer gemeinsamen Tour im Wald, in der Natur. Entlang der Strecke, dem Waldweg und der Wiese und \u00fcber die steinige kurze Abfahrt. Gemeinsam und doch unterschiedlich sp\u00fcren wir unsere Kr\u00e4fte an den langgezogenen Auffahrten und dann an den teilweise anspruchsvollen, abwechslungsreichen Abfahrten. Auch die Frage \u201ereicht der Akku\u201c oder \u201eschaffe ich das \u2026?\u201c geh\u00f6rt genau in diesen Kontext. So gelingt erlebnisorientiertes Lernen.<\/p>\n\n\n\n<p> Retour im Seminarraum* k\u00f6nnen die Erlebnisse reflektiert werden. <br>&#8211; wie haben wir uns gegenseitig unterst\u00fctzt?<br>&#8211; wo half ein Tipp, um die Strecke zu bew\u00e4ltigen?<br>&#8211; welche Gl\u00fccksgef\u00fchle l\u00f6ste es aus als am gemeinsamen Treffpunkt alle freudestrahlend eintrafen?<br>Und, es gibt auch schon erste Ideen wie das Team die gewonnen Erkenntnisse in den Alltag \u00fcbertragen kann. Der Fokus: Was zahlt auf das Erreichen des Ziels ein?<\/p>\n\n\n\n<figure class=\"wp-block-image size-full\"><img loading=\"lazy\" decoding=\"async\" width=\"600\" height=\"444\" src=\"https:\/\/www.bike-guides.de\/wp-content\/uploads\/2022\/11\/Team.jpg\" alt=\"\" class=\"wp-image-911\" srcset=\"https:\/\/www.bike-guides.de\/wp-content\/uploads\/2022\/11\/Team.jpg 600w, https:\/\/www.bike-guides.de\/wp-content\/uploads\/2022\/11\/Team-300x222.jpg 300w\" sizes=\"auto, (max-width: 600px) 100vw, 600px\" \/><\/figure>\n\n\n\n<p>Unsere Teamevents zeigen neue Wege bestehend aus gest\u00e4rkter Motivation, gelebter Kooperationsbereitschaft und dazu gewonnenem Selbstvertrauen in die eigenen Ressourcen.<\/p>\n\n\n\n<p> Bike it &#8211; make it!<\/p>\n\n\n\n<hr class=\"wp-block-separator has-alpha-channel-opacity is-style-wide\"\/>\n\n\n\n<p>Susanne, eine H\u00e4lfte der Bike-Guides, verf\u00fcgt \u00fcber einen reichen Erfahrungsschatz und viele erworbene Qualifikationen im Coaching von Teams und F\u00fchrungskr\u00e4ften.<\/p>\n\n\n\n<p>Das Event sollte so individuell sein wie dein Team &#8211; kontaktier uns, wir schaffen dir und deinem Team den individuellen Rahmen, der zu euch passt.<\/p>\n\n\n\n<figure class=\"wp-block-image size-full\"><img loading=\"lazy\" decoding=\"async\" width=\"200\" height=\"257\" src=\"https:\/\/www.bike-guides.de\/wp-content\/uploads\/2022\/10\/Motto-Logo-e1665597120190.png\" alt=\"Logo Bike-Guides Weinheim\" class=\"wp-image-189\" title=\"Logo Bike-Guides\"\/><\/figure>\n\n\n\n<p><em>Du bist hier:<br><a href=\"https:\/\/www.bike-guides.de\/\">Startseite<\/a> &gt;&gt; <a href=\"https:\/\/www.bike-guides.de\/index.php\/angebot-e-mountainbike-touren\/\">Das Angebot<\/a> &gt;&gt; <\/em>Teamevents<\/p>\n","protected":false},"excerpt":{"rendered":"<p>&#8222;Was passiert denn da genau?&#8220; &#8211; ist eine viel gestellte Frage. Das f\u00fchre ich gerne aus, denn es geht im Kern um das Team. Eine Gruppe von Menschen. Jeder f\u00fcr sich individuell, mit eigenen Kompetenzen und den unterschiedlichsten F\u00e4higkeiten. Oft sind alle im Team gefordert auf ein Ziel \u2013 gerade in bewegten Zeiten &#8211; hinzuarbeiten. &hellip; <\/p>\n<p class=\"link-more\"><a href=\"https:\/\/www.bike-guides.de\/index.php\/angebot-e-mountainbike-touren\/teamerlebnisse-schaffen\/\" class=\"more-link\"><span class=\"screen-reader-text\">\u201eTeamerlebnisse schaffen\u201c <\/span>weiterlesen<\/a><\/p>\n","protected":false},"author":1,"featured_media":922,"parent":2,"menu_order":0,"comment_status":"closed","ping_status":"closed","template":"","meta":{"jetpack_post_was_ever_published":false,"footnotes":""},"class_list":["post-908","page","type-page","status-publish","has-post-thumbnail","hentry"],"yoast_head":"<!-- This site is optimized with the Yoast SEO plugin v27.5 - https:\/\/yoast.com\/product\/yoast-seo-wordpress\/ -->\n<title>Team-Events f\u00fcr Firmen mit dem Mountainbike<\/title>\n<meta name=\"description\" content=\"Entf\u00fchre dein Team in ein neues Umfeld, lasse es sich auf einer gef\u00fchrten Mountainbike-Tour neu erfahren und neu kennen lernen - unter Betreuung einer erfahrenen Trainerin.\" \/>\n<meta name=\"robots\" content=\"index, follow, max-snippet:-1, max-image-preview:large, max-video-preview:-1\" \/>\n<link rel=\"canonical\" href=\"https:\/\/www.bike-guides.de\/index.php\/angebot-e-mountainbike-touren\/teamerlebnisse-schaffen\/\" \/>\n<meta property=\"og:locale\" content=\"de_DE\" \/>\n<meta property=\"og:type\" content=\"article\" \/>\n<meta property=\"og:title\" content=\"Team-Events f\u00fcr Firmen mit dem Mountainbike\" \/>\n<meta property=\"og:description\" content=\"Entf\u00fchre dein Team in ein neues Umfeld, lasse es sich auf einer gef\u00fchrten Mountainbike-Tour neu erfahren und neu kennen lernen - unter Betreuung einer erfahrenen Trainerin.\" \/>\n<meta property=\"og:url\" content=\"https:\/\/www.bike-guides.de\/index.php\/angebot-e-mountainbike-touren\/teamerlebnisse-schaffen\/\" \/>\n<meta property=\"og:site_name\" content=\"Bike-Guides Weinheim\" \/>\n<meta property=\"article:modified_time\" content=\"2023-04-01T01:06:22+00:00\" \/>\n<meta property=\"og:image\" content=\"https:\/\/www.bike-guides.de\/wp-content\/uploads\/2022\/11\/team-beitragsbild.jpg\" \/>\n\t<meta property=\"og:image:width\" content=\"1992\" \/>\n\t<meta property=\"og:image:height\" content=\"1048\" \/>\n\t<meta property=\"og:image:type\" content=\"image\/jpeg\" \/>\n<meta name=\"twitter:card\" content=\"summary_large_image\" \/>\n<meta name=\"twitter:label1\" content=\"Gesch\u00e4tzte Lesezeit\" \/>\n\t<meta name=\"twitter:data1\" content=\"3\u00a0Minuten\" \/>\n<script type=\"application\/ld+json\" class=\"yoast-schema-graph\">{\"@context\":\"https:\\\/\\\/schema.org\",\"@graph\":[{\"@type\":\"WebPage\",\"@id\":\"https:\\\/\\\/www.bike-guides.de\\\/index.php\\\/angebot-e-mountainbike-touren\\\/teamerlebnisse-schaffen\\\/\",\"url\":\"https:\\\/\\\/www.bike-guides.de\\\/index.php\\\/angebot-e-mountainbike-touren\\\/teamerlebnisse-schaffen\\\/\",\"name\":\"Team-Events f\u00fcr Firmen mit dem Mountainbike\",\"isPartOf\":{\"@id\":\"https:\\\/\\\/www.bike-guides.de\\\/#website\"},\"primaryImageOfPage\":{\"@id\":\"https:\\\/\\\/www.bike-guides.de\\\/index.php\\\/angebot-e-mountainbike-touren\\\/teamerlebnisse-schaffen\\\/#primaryimage\"},\"image\":{\"@id\":\"https:\\\/\\\/www.bike-guides.de\\\/index.php\\\/angebot-e-mountainbike-touren\\\/teamerlebnisse-schaffen\\\/#primaryimage\"},\"thumbnailUrl\":\"https:\\\/\\\/www.bike-guides.de\\\/wp-content\\\/uploads\\\/2022\\\/11\\\/team-beitragsbild.jpg\",\"datePublished\":\"2022-11-17T15:17:20+00:00\",\"dateModified\":\"2023-04-01T01:06:22+00:00\",\"description\":\"Entf\u00fchre dein Team in ein neues Umfeld, lasse es sich auf einer gef\u00fchrten Mountainbike-Tour neu erfahren und neu kennen lernen - unter Betreuung einer erfahrenen Trainerin.\",\"breadcrumb\":{\"@id\":\"https:\\\/\\\/www.bike-guides.de\\\/index.php\\\/angebot-e-mountainbike-touren\\\/teamerlebnisse-schaffen\\\/#breadcrumb\"},\"inLanguage\":\"de\",\"potentialAction\":[{\"@type\":\"ReadAction\",\"target\":[\"https:\\\/\\\/www.bike-guides.de\\\/index.php\\\/angebot-e-mountainbike-touren\\\/teamerlebnisse-schaffen\\\/\"]}]},{\"@type\":\"ImageObject\",\"inLanguage\":\"de\",\"@id\":\"https:\\\/\\\/www.bike-guides.de\\\/index.php\\\/angebot-e-mountainbike-touren\\\/teamerlebnisse-schaffen\\\/#primaryimage\",\"url\":\"https:\\\/\\\/www.bike-guides.de\\\/wp-content\\\/uploads\\\/2022\\\/11\\\/team-beitragsbild.jpg\",\"contentUrl\":\"https:\\\/\\\/www.bike-guides.de\\\/wp-content\\\/uploads\\\/2022\\\/11\\\/team-beitragsbild.jpg\",\"width\":1992,\"height\":1048},{\"@type\":\"BreadcrumbList\",\"@id\":\"https:\\\/\\\/www.bike-guides.de\\\/index.php\\\/angebot-e-mountainbike-touren\\\/teamerlebnisse-schaffen\\\/#breadcrumb\",\"itemListElement\":[{\"@type\":\"ListItem\",\"position\":1,\"name\":\"Startseite\",\"item\":\"https:\\\/\\\/www.bike-guides.de\\\/\"},{\"@type\":\"ListItem\",\"position\":2,\"name\":\"Wir holen euch raus\",\"item\":\"https:\\\/\\\/www.bike-guides.de\\\/index.php\\\/angebot-e-mountainbike-touren\\\/\"},{\"@type\":\"ListItem\",\"position\":3,\"name\":\"Teamerlebnisse schaffen\"}]},{\"@type\":\"WebSite\",\"@id\":\"https:\\\/\\\/www.bike-guides.de\\\/#website\",\"url\":\"https:\\\/\\\/www.bike-guides.de\\\/\",\"name\":\"Bike-Guides Weinheim\",\"description\":\"Gef\u00fchrte Touren und Events mit dem E-Mountainbike im Odenwald\",\"publisher\":{\"@id\":\"https:\\\/\\\/www.bike-guides.de\\\/#organization\"},\"potentialAction\":[{\"@type\":\"SearchAction\",\"target\":{\"@type\":\"EntryPoint\",\"urlTemplate\":\"https:\\\/\\\/www.bike-guides.de\\\/?s={search_term_string}\"},\"query-input\":{\"@type\":\"PropertyValueSpecification\",\"valueRequired\":true,\"valueName\":\"search_term_string\"}}],\"inLanguage\":\"de\"},{\"@type\":\"Organization\",\"@id\":\"https:\\\/\\\/www.bike-guides.de\\\/#organization\",\"name\":\"Bike-Guides Weinheim\",\"url\":\"https:\\\/\\\/www.bike-guides.de\\\/\",\"logo\":{\"@type\":\"ImageObject\",\"inLanguage\":\"de\",\"@id\":\"https:\\\/\\\/www.bike-guides.de\\\/#\\\/schema\\\/logo\\\/image\\\/\",\"url\":\"https:\\\/\\\/www.bike-guides.de\\\/wp-content\\\/uploads\\\/2022\\\/10\\\/cropped-logo-wei-wei.png\",\"contentUrl\":\"https:\\\/\\\/www.bike-guides.de\\\/wp-content\\\/uploads\\\/2022\\\/10\\\/cropped-logo-wei-wei.png\",\"width\":313,\"height\":250,\"caption\":\"Bike-Guides Weinheim\"},\"image\":{\"@id\":\"https:\\\/\\\/www.bike-guides.de\\\/#\\\/schema\\\/logo\\\/image\\\/\"}}]}<\/script>\n<!-- \/ Yoast SEO plugin. -->","yoast_head_json":{"title":"Team-Events f\u00fcr Firmen mit dem Mountainbike","description":"Entf\u00fchre dein Team in ein neues Umfeld, lasse es sich auf einer gef\u00fchrten Mountainbike-Tour neu erfahren und neu kennen lernen - unter Betreuung einer erfahrenen Trainerin.","robots":{"index":"index","follow":"follow","max-snippet":"max-snippet:-1","max-image-preview":"max-image-preview:large","max-video-preview":"max-video-preview:-1"},"canonical":"https:\/\/www.bike-guides.de\/index.php\/angebot-e-mountainbike-touren\/teamerlebnisse-schaffen\/","og_locale":"de_DE","og_type":"article","og_title":"Team-Events f\u00fcr Firmen mit dem Mountainbike","og_description":"Entf\u00fchre dein Team in ein neues Umfeld, lasse es sich auf einer gef\u00fchrten Mountainbike-Tour neu erfahren und neu kennen lernen - unter Betreuung einer erfahrenen Trainerin.","og_url":"https:\/\/www.bike-guides.de\/index.php\/angebot-e-mountainbike-touren\/teamerlebnisse-schaffen\/","og_site_name":"Bike-Guides Weinheim","article_modified_time":"2023-04-01T01:06:22+00:00","og_image":[{"width":1992,"height":1048,"url":"https:\/\/www.bike-guides.de\/wp-content\/uploads\/2022\/11\/team-beitragsbild.jpg","type":"image\/jpeg"}],"twitter_card":"summary_large_image","twitter_misc":{"Gesch\u00e4tzte Lesezeit":"3\u00a0Minuten"},"schema":{"@context":"https:\/\/schema.org","@graph":[{"@type":"WebPage","@id":"https:\/\/www.bike-guides.de\/index.php\/angebot-e-mountainbike-touren\/teamerlebnisse-schaffen\/","url":"https:\/\/www.bike-guides.de\/index.php\/angebot-e-mountainbike-touren\/teamerlebnisse-schaffen\/","name":"Team-Events f\u00fcr Firmen mit dem Mountainbike","isPartOf":{"@id":"https:\/\/www.bike-guides.de\/#website"},"primaryImageOfPage":{"@id":"https:\/\/www.bike-guides.de\/index.php\/angebot-e-mountainbike-touren\/teamerlebnisse-schaffen\/#primaryimage"},"image":{"@id":"https:\/\/www.bike-guides.de\/index.php\/angebot-e-mountainbike-touren\/teamerlebnisse-schaffen\/#primaryimage"},"thumbnailUrl":"https:\/\/www.bike-guides.de\/wp-content\/uploads\/2022\/11\/team-beitragsbild.jpg","datePublished":"2022-11-17T15:17:20+00:00","dateModified":"2023-04-01T01:06:22+00:00","description":"Entf\u00fchre dein Team in ein neues Umfeld, lasse es sich auf einer gef\u00fchrten Mountainbike-Tour neu erfahren und neu kennen lernen - unter Betreuung einer erfahrenen Trainerin.","breadcrumb":{"@id":"https:\/\/www.bike-guides.de\/index.php\/angebot-e-mountainbike-touren\/teamerlebnisse-schaffen\/#breadcrumb"},"inLanguage":"de","potentialAction":[{"@type":"ReadAction","target":["https:\/\/www.bike-guides.de\/index.php\/angebot-e-mountainbike-touren\/teamerlebnisse-schaffen\/"]}]},{"@type":"ImageObject","inLanguage":"de","@id":"https:\/\/www.bike-guides.de\/index.php\/angebot-e-mountainbike-touren\/teamerlebnisse-schaffen\/#primaryimage","url":"https:\/\/www.bike-guides.de\/wp-content\/uploads\/2022\/11\/team-beitragsbild.jpg","contentUrl":"https:\/\/www.bike-guides.de\/wp-content\/uploads\/2022\/11\/team-beitragsbild.jpg","width":1992,"height":1048},{"@type":"BreadcrumbList","@id":"https:\/\/www.bike-guides.de\/index.php\/angebot-e-mountainbike-touren\/teamerlebnisse-schaffen\/#breadcrumb","itemListElement":[{"@type":"ListItem","position":1,"name":"Startseite","item":"https:\/\/www.bike-guides.de\/"},{"@type":"ListItem","position":2,"name":"Wir holen euch raus","item":"https:\/\/www.bike-guides.de\/index.php\/angebot-e-mountainbike-touren\/"},{"@type":"ListItem","position":3,"name":"Teamerlebnisse schaffen"}]},{"@type":"WebSite","@id":"https:\/\/www.bike-guides.de\/#website","url":"https:\/\/www.bike-guides.de\/","name":"Bike-Guides Weinheim","description":"Gef\u00fchrte Touren und Events mit dem E-Mountainbike im Odenwald","publisher":{"@id":"https:\/\/www.bike-guides.de\/#organization"},"potentialAction":[{"@type":"SearchAction","target":{"@type":"EntryPoint","urlTemplate":"https:\/\/www.bike-guides.de\/?s={search_term_string}"},"query-input":{"@type":"PropertyValueSpecification","valueRequired":true,"valueName":"search_term_string"}}],"inLanguage":"de"},{"@type":"Organization","@id":"https:\/\/www.bike-guides.de\/#organization","name":"Bike-Guides Weinheim","url":"https:\/\/www.bike-guides.de\/","logo":{"@type":"ImageObject","inLanguage":"de","@id":"https:\/\/www.bike-guides.de\/#\/schema\/logo\/image\/","url":"https:\/\/www.bike-guides.de\/wp-content\/uploads\/2022\/10\/cropped-logo-wei-wei.png","contentUrl":"https:\/\/www.bike-guides.de\/wp-content\/uploads\/2022\/10\/cropped-logo-wei-wei.png","width":313,"height":250,"caption":"Bike-Guides Weinheim"},"image":{"@id":"https:\/\/www.bike-guides.de\/#\/schema\/logo\/image\/"}}]}},"jetpack_sharing_enabled":true,"_links":{"self":[{"href":"https:\/\/www.bike-guides.de\/index.php\/wp-json\/wp\/v2\/pages\/908","targetHints":{"allow":["GET"]}}],"collection":[{"href":"https:\/\/www.bike-guides.de\/index.php\/wp-json\/wp\/v2\/pages"}],"about":[{"href":"https:\/\/www.bike-guides.de\/index.php\/wp-json\/wp\/v2\/types\/page"}],"author":[{"embeddable":true,"href":"https:\/\/www.bike-guides.de\/index.php\/wp-json\/wp\/v2\/users\/1"}],"replies":[{"embeddable":true,"href":"https:\/\/www.bike-guides.de\/index.php\/wp-json\/wp\/v2\/comments?post=908"}],"version-history":[{"count":10,"href":"https:\/\/www.bike-guides.de\/index.php\/wp-json\/wp\/v2\/pages\/908\/revisions"}],"predecessor-version":[{"id":1330,"href":"https:\/\/www.bike-guides.de\/index.php\/wp-json\/wp\/v2\/pages\/908\/revisions\/1330"}],"up":[{"embeddable":true,"href":"https:\/\/www.bike-guides.de\/index.php\/wp-json\/wp\/v2\/pages\/2"}],"wp:featuredmedia":[{"embeddable":true,"href":"https:\/\/www.bike-guides.de\/index.php\/wp-json\/wp\/v2\/media\/922"}],"wp:attachment":[{"href":"https:\/\/www.bike-guides.de\/index.php\/wp-json\/wp\/v2\/media?parent=908"}],"curies":[{"name":"wp","href":"https:\/\/api.w.org\/{rel}","templated":true}]}}