{"id":2656,"date":"2023-09-15T10:51:08","date_gmt":"2023-09-15T08:51:08","guid":{"rendered":"https:\/\/www.bike-guides.de\/?page_id=2656"},"modified":"2023-09-15T11:58:53","modified_gmt":"2023-09-15T09:58:53","slug":"bike-treff-saisonabschlussevent-teil-1-melibokus-und-umgebung-am-16-09-2023","status":"publish","type":"page","link":"https:\/\/www.bike-guides.de\/index.php\/bike-treff-saisonabschlussevent-teil-1-melibokus-und-umgebung-am-16-09-2023\/","title":{"rendered":"Bike-Treff Saisonabschlussevent Teil 1: Melibokus und Umgebung am 16.09.2023"},"content":{"rendered":"\n<p>Hey &#8211; ich freu mir grad ein Loch in den Bauch &#8211; es gibt eine nette Grupe E-Mountainbiker, die sich vor kurzem noch gar nicht kannte, beste Wetterbedingungen wird es geben und wir gehen gemeinsam auf Tour um den Melibokus herum.<\/p>\n\n\n\n<p>Ich rede und schreibe bekanntlich ja viel und gerne, bevor die Aufmerksamkeit nachl\u00e4sst hier ein paar wichtige Hinweise:<\/p>\n\n\n\n<p class=\"has-background\" style=\"background-color:#f78da87d\"><strong>Ladeger\u00e4te f\u00fcr euren Akku mitnehmen und daf\u00fcr sorgen, dass der Akku entnommen werden kann (falls ihr daf\u00fcr einen Schl\u00fcssel braucht, diesen mitnehmen auf Tour).<br><\/strong><br>Es werden zwei Gruppen eingerichtet. Die jungen und junggebliebenen Wilden gehen mit Benny auf sportliche Trailjagd, die Vern\u00fcnftigen kommen mit mir mit.<br>Wichtig: Beide Gruppen fahren Mountainbike auf unbefestigten Wegen &#8211; wir haben Vorschl\u00e4ge ausgearbeitet, aber jeder entscheidet immer selbst was er tut &#8211; auf <strong>eigene Verantwortung und eigenes Risiko.<\/strong> Umfahrungen sind immer m\u00f6glich, Schieben geht auch und ist kein Problem. Niemand \u00fcbt auf langsamere Teilnehmer Druck aus, es wird immer gewartet, keiner wird zur\u00fcckgelassen. Gemeinsam losfahren, gemeinsam Spa\u00df haben, gemeinsam zur\u00fcckkehren. Helm ist Pflicht, weitere Schutzausr\u00fcstung empfohlen!<br><br><strong>Besonderer Hinweis f\u00fcr die sportliche Gruppe:<\/strong><br>Sehr gute Bikebeherrschung erforderlich &#8211; steile Passagen mit losem Untergrund erfordern gute Dosierung der Bremsen und Verlagerung des Schwerpunktes auf dem Fahrrad gepaart mit guter Kurventechnik. Drops und kleine Spr\u00fcnge sind zu erwarten, auch die Anstiege sind sportlich und trotz Motor anstrengend! Das Absteigen vom Bike an Steilstellen kann sehr herausfordernd \/ nicht immer m\u00f6glich sein!<br><br>Das Gebiet ist sehr beliebt, es k\u00f6nnte entsprechend viel los sein. Mit Gegenverkehr ist immer zu rechnen, Wanderer, Hunde und Kinder werden ebenso unterwegs sein. <strong>Fussg\u00e4nger haben an engen Wegstellen Vorrang &#8211; bitte defensiv und freundlich verhalten<\/strong>, wir wollen f\u00fcr unseren Sport werben!<\/p>\n\n\n\n<p>So, das war der Beipackzettel, jetzt kommt das Programm&#8230;<\/p>\n\n\n\n<p>Treffpunkt ist der Parkplatz in Bensheim Hochst\u00e4dten um 11.00 Uhr am Samstag, 16.09.2023:<\/p>\n\n\n\n<p><a href=\"https:\/\/maps.app.goo.gl\/3Sdzj9s4GqhnJvECA\">&gt;Link zu Google-Maps&lt;<\/a><\/p>\n\n\n\n<p>Detailansicht n\u00e4here Umgebung:<\/p>\n\n\n\n<figure class=\"wp-block-image size-large\"><img loading=\"lazy\" decoding=\"async\" width=\"1024\" height=\"473\" src=\"https:\/\/www.bike-guides.de\/wp-content\/uploads\/2023\/09\/20230915_082739000_iOS-1024x473.jpg\" alt=\"\" class=\"wp-image-2670\" srcset=\"https:\/\/www.bike-guides.de\/wp-content\/uploads\/2023\/09\/20230915_082739000_iOS-1024x473.jpg 1024w, https:\/\/www.bike-guides.de\/wp-content\/uploads\/2023\/09\/20230915_082739000_iOS-300x139.jpg 300w, https:\/\/www.bike-guides.de\/wp-content\/uploads\/2023\/09\/20230915_082739000_iOS-768x355.jpg 768w, https:\/\/www.bike-guides.de\/wp-content\/uploads\/2023\/09\/20230915_082739000_iOS-1536x710.jpg 1536w, https:\/\/www.bike-guides.de\/wp-content\/uploads\/2023\/09\/20230915_082739000_iOS-2048x946.jpg 2048w\" sizes=\"auto, (max-width: 767px) 89vw, (max-width: 1000px) 54vw, (max-width: 1071px) 543px, 580px\" \/><\/figure>\n\n\n\n<p><br><\/p>\n\n\n\n<h2 class=\"wp-block-heading\"><strong>Grundkonzept &#8211; kurze Basisstrecke, Raum zum Spielen<\/strong><\/h2>\n\n\n\n<p>Nachdem wir uns gesammelt haben, die R\u00e4der bereit sind fahren wir zum Felsbergturm, anschlie\u00dfend fahren wir den sehr netten, flowigen Trail mit einigen Felspassagen zum ersten Mal ab, wir steigen wieder Richtung Felsbergturm auf und drehen eine kleine Schleife zur <a href=\"https:\/\/www.kuralpe.de\/\">Kuralpe<\/a>, wo wir eine Pause mit Einkehr machen. Der Biergarten ist wundersch\u00f6n. Hier d\u00fcrfen wir unsere Akkus nach den ersten Strapazen wieder aufladen, damit es keine Engp\u00e4sse gibt. F\u00fcr uns Gelegenheit f\u00fcr einen Plausch.<\/p>\n\n\n\n<p>Es ist schwer abzusch\u00e4tzen, wieviel Kapazit\u00e4t der Tag von den Akkus in Anspruch nehmen wird. Wer am Melibokus ein paar Mal abfahren m\u00f6chte, braucht sicher einiges. Daher hier die Gelegenheit zum Refresh.<\/p>\n\n\n\n<p>Danach geht es wieder zum Felsbergturm, Gelegenheit den nun bekannten Felsbergtrail zum zweiten Mal abzufahren. N\u00e4chster Punkt ist der Melibokusgipfel, Gelegenheit zum Aussicht genie\u00dfen und oder Spielen auf den unterschiedlichen Trails, bevor es weiter zum Schloss Auerbach geht.<\/p>\n\n\n\n<p>Auch wenn es kein Mountainbike-Highlight ist, das F\u00fcrstenlager in Bensheim ist einen Abstecher wert, hier muss eventuell kurz geschoben werden. Radfahren ist teilweise verboten.<\/p>\n\n\n\n<p>Schlie\u00dflich geht es zur\u00fcck zum Startpunkt, gemeinsamer Abschluss im Dorfcaf\u00e9 Hochst\u00e4dten (u.a. nette Burger-Auswahl)<\/p>\n\n\n\n<p class=\"has-background\" style=\"background-color:#fcb90054\"><strong>Foto und Filmaufnahmen \/ Ver\u00f6ffentlichung:<\/strong><br>Ich w\u00fcrde gerne Fotos und Filmaufnahmen w\u00e4hrend der Tour machen. Diese m\u00f6chte ich gerne hier auf dieser Seite als einer Art Fotoalbum, sowie auf Instagram \/ Faceboolk\/ Youtube ver\u00f6ffentlichen.<br>Wenn jemand das nicht m\u00f6chte, bitte mitteilen!!<\/p>\n","protected":false},"excerpt":{"rendered":"<p>Hey &#8211; ich freu mir grad ein Loch in den Bauch &#8211; es gibt eine nette Grupe E-Mountainbiker, die sich vor kurzem noch gar nicht kannte, beste Wetterbedingungen wird es geben und wir gehen gemeinsam auf Tour um den Melibokus herum. Ich rede und schreibe bekanntlich ja viel und gerne, bevor die Aufmerksamkeit nachl\u00e4sst hier &hellip; <\/p>\n<p class=\"link-more\"><a href=\"https:\/\/www.bike-guides.de\/index.php\/bike-treff-saisonabschlussevent-teil-1-melibokus-und-umgebung-am-16-09-2023\/\" class=\"more-link\"><span class=\"screen-reader-text\">\u201eBike-Treff Saisonabschlussevent Teil 1: Melibokus und Umgebung am 16.09.2023\u201c <\/span>weiterlesen<\/a><\/p>\n","protected":false},"author":1,"featured_media":2672,"parent":0,"menu_order":0,"comment_status":"closed","ping_status":"closed","template":"","meta":{"jetpack_post_was_ever_published":false,"footnotes":""},"class_list":["post-2656","page","type-page","status-publish","has-post-thumbnail","hentry"],"yoast_head":"<!-- This site is optimized with the Yoast SEO plugin v27.4 - https:\/\/yoast.com\/product\/yoast-seo-wordpress\/ -->\n<title>Bike-Treff Saisonabschlussevent Teil 1: Melibokus und Umgebung am 16.09.2023 - Bike-Guides Weinheim<\/title>\n<meta name=\"robots\" content=\"index, follow, max-snippet:-1, max-image-preview:large, max-video-preview:-1\" \/>\n<link rel=\"canonical\" href=\"https:\/\/www.bike-guides.de\/index.php\/bike-treff-saisonabschlussevent-teil-1-melibokus-und-umgebung-am-16-09-2023\/\" \/>\n<meta property=\"og:locale\" content=\"de_DE\" \/>\n<meta property=\"og:type\" content=\"article\" \/>\n<meta property=\"og:title\" content=\"Bike-Treff Saisonabschlussevent Teil 1: Melibokus und Umgebung am 16.09.2023 - Bike-Guides Weinheim\" \/>\n<meta property=\"og:description\" content=\"Hey &#8211; ich freu mir grad ein Loch in den Bauch &#8211; es gibt eine nette Grupe E-Mountainbiker, die sich vor kurzem noch gar nicht kannte, beste Wetterbedingungen wird es geben und wir gehen gemeinsam auf Tour um den Melibokus herum. Ich rede und schreibe bekanntlich ja viel und gerne, bevor die Aufmerksamkeit nachl\u00e4sst hier &hellip; \u201eBike-Treff Saisonabschlussevent Teil 1: Melibokus und Umgebung am 16.09.2023\u201c weiterlesen\" \/>\n<meta property=\"og:url\" content=\"https:\/\/www.bike-guides.de\/index.php\/bike-treff-saisonabschlussevent-teil-1-melibokus-und-umgebung-am-16-09-2023\/\" \/>\n<meta property=\"og:site_name\" content=\"Bike-Guides Weinheim\" \/>\n<meta property=\"article:modified_time\" content=\"2023-09-15T09:58:53+00:00\" \/>\n<meta property=\"og:image\" content=\"https:\/\/www.bike-guides.de\/wp-content\/uploads\/2023\/09\/SnapShot0-scaled.jpg\" \/>\n\t<meta property=\"og:image:width\" content=\"2560\" \/>\n\t<meta property=\"og:image:height\" content=\"1440\" \/>\n\t<meta property=\"og:image:type\" content=\"image\/jpeg\" \/>\n<meta name=\"twitter:card\" content=\"summary_large_image\" \/>\n<meta name=\"twitter:label1\" content=\"Gesch\u00e4tzte Lesezeit\" \/>\n\t<meta name=\"twitter:data1\" content=\"4\u00a0Minuten\" \/>\n<script type=\"application\/ld+json\" class=\"yoast-schema-graph\">{\"@context\":\"https:\\\/\\\/schema.org\",\"@graph\":[{\"@type\":\"WebPage\",\"@id\":\"https:\\\/\\\/www.bike-guides.de\\\/index.php\\\/bike-treff-saisonabschlussevent-teil-1-melibokus-und-umgebung-am-16-09-2023\\\/\",\"url\":\"https:\\\/\\\/www.bike-guides.de\\\/index.php\\\/bike-treff-saisonabschlussevent-teil-1-melibokus-und-umgebung-am-16-09-2023\\\/\",\"name\":\"Bike-Treff Saisonabschlussevent Teil 1: Melibokus und Umgebung am 16.09.2023 - Bike-Guides Weinheim\",\"isPartOf\":{\"@id\":\"https:\\\/\\\/www.bike-guides.de\\\/#website\"},\"primaryImageOfPage\":{\"@id\":\"https:\\\/\\\/www.bike-guides.de\\\/index.php\\\/bike-treff-saisonabschlussevent-teil-1-melibokus-und-umgebung-am-16-09-2023\\\/#primaryimage\"},\"image\":{\"@id\":\"https:\\\/\\\/www.bike-guides.de\\\/index.php\\\/bike-treff-saisonabschlussevent-teil-1-melibokus-und-umgebung-am-16-09-2023\\\/#primaryimage\"},\"thumbnailUrl\":\"https:\\\/\\\/www.bike-guides.de\\\/wp-content\\\/uploads\\\/2023\\\/09\\\/SnapShot0-scaled.jpg\",\"datePublished\":\"2023-09-15T08:51:08+00:00\",\"dateModified\":\"2023-09-15T09:58:53+00:00\",\"breadcrumb\":{\"@id\":\"https:\\\/\\\/www.bike-guides.de\\\/index.php\\\/bike-treff-saisonabschlussevent-teil-1-melibokus-und-umgebung-am-16-09-2023\\\/#breadcrumb\"},\"inLanguage\":\"de\",\"potentialAction\":[{\"@type\":\"ReadAction\",\"target\":[\"https:\\\/\\\/www.bike-guides.de\\\/index.php\\\/bike-treff-saisonabschlussevent-teil-1-melibokus-und-umgebung-am-16-09-2023\\\/\"]}]},{\"@type\":\"ImageObject\",\"inLanguage\":\"de\",\"@id\":\"https:\\\/\\\/www.bike-guides.de\\\/index.php\\\/bike-treff-saisonabschlussevent-teil-1-melibokus-und-umgebung-am-16-09-2023\\\/#primaryimage\",\"url\":\"https:\\\/\\\/www.bike-guides.de\\\/wp-content\\\/uploads\\\/2023\\\/09\\\/SnapShot0-scaled.jpg\",\"contentUrl\":\"https:\\\/\\\/www.bike-guides.de\\\/wp-content\\\/uploads\\\/2023\\\/09\\\/SnapShot0-scaled.jpg\",\"width\":2560,\"height\":1440},{\"@type\":\"BreadcrumbList\",\"@id\":\"https:\\\/\\\/www.bike-guides.de\\\/index.php\\\/bike-treff-saisonabschlussevent-teil-1-melibokus-und-umgebung-am-16-09-2023\\\/#breadcrumb\",\"itemListElement\":[{\"@type\":\"ListItem\",\"position\":1,\"name\":\"Startseite\",\"item\":\"https:\\\/\\\/www.bike-guides.de\\\/\"},{\"@type\":\"ListItem\",\"position\":2,\"name\":\"Bike-Treff Saisonabschlussevent Teil 1: Melibokus und Umgebung am 16.09.2023\"}]},{\"@type\":\"WebSite\",\"@id\":\"https:\\\/\\\/www.bike-guides.de\\\/#website\",\"url\":\"https:\\\/\\\/www.bike-guides.de\\\/\",\"name\":\"Bike-Guides Weinheim\",\"description\":\"Gef\u00fchrte Touren und Events mit dem E-Mountainbike im Odenwald\",\"publisher\":{\"@id\":\"https:\\\/\\\/www.bike-guides.de\\\/#organization\"},\"potentialAction\":[{\"@type\":\"SearchAction\",\"target\":{\"@type\":\"EntryPoint\",\"urlTemplate\":\"https:\\\/\\\/www.bike-guides.de\\\/?s={search_term_string}\"},\"query-input\":{\"@type\":\"PropertyValueSpecification\",\"valueRequired\":true,\"valueName\":\"search_term_string\"}}],\"inLanguage\":\"de\"},{\"@type\":\"Organization\",\"@id\":\"https:\\\/\\\/www.bike-guides.de\\\/#organization\",\"name\":\"Bike-Guides Weinheim\",\"url\":\"https:\\\/\\\/www.bike-guides.de\\\/\",\"logo\":{\"@type\":\"ImageObject\",\"inLanguage\":\"de\",\"@id\":\"https:\\\/\\\/www.bike-guides.de\\\/#\\\/schema\\\/logo\\\/image\\\/\",\"url\":\"https:\\\/\\\/www.bike-guides.de\\\/wp-content\\\/uploads\\\/2022\\\/10\\\/cropped-logo-wei-wei.png\",\"contentUrl\":\"https:\\\/\\\/www.bike-guides.de\\\/wp-content\\\/uploads\\\/2022\\\/10\\\/cropped-logo-wei-wei.png\",\"width\":313,\"height\":250,\"caption\":\"Bike-Guides Weinheim\"},\"image\":{\"@id\":\"https:\\\/\\\/www.bike-guides.de\\\/#\\\/schema\\\/logo\\\/image\\\/\"}}]}<\/script>\n<!-- \/ Yoast SEO plugin. -->","yoast_head_json":{"title":"Bike-Treff Saisonabschlussevent Teil 1: Melibokus und Umgebung am 16.09.2023 - Bike-Guides Weinheim","robots":{"index":"index","follow":"follow","max-snippet":"max-snippet:-1","max-image-preview":"max-image-preview:large","max-video-preview":"max-video-preview:-1"},"canonical":"https:\/\/www.bike-guides.de\/index.php\/bike-treff-saisonabschlussevent-teil-1-melibokus-und-umgebung-am-16-09-2023\/","og_locale":"de_DE","og_type":"article","og_title":"Bike-Treff Saisonabschlussevent Teil 1: Melibokus und Umgebung am 16.09.2023 - Bike-Guides Weinheim","og_description":"Hey &#8211; ich freu mir grad ein Loch in den Bauch &#8211; es gibt eine nette Grupe E-Mountainbiker, die sich vor kurzem noch gar nicht kannte, beste Wetterbedingungen wird es geben und wir gehen gemeinsam auf Tour um den Melibokus herum. Ich rede und schreibe bekanntlich ja viel und gerne, bevor die Aufmerksamkeit nachl\u00e4sst hier &hellip; \u201eBike-Treff Saisonabschlussevent Teil 1: Melibokus und Umgebung am 16.09.2023\u201c weiterlesen","og_url":"https:\/\/www.bike-guides.de\/index.php\/bike-treff-saisonabschlussevent-teil-1-melibokus-und-umgebung-am-16-09-2023\/","og_site_name":"Bike-Guides Weinheim","article_modified_time":"2023-09-15T09:58:53+00:00","og_image":[{"width":2560,"height":1440,"url":"https:\/\/www.bike-guides.de\/wp-content\/uploads\/2023\/09\/SnapShot0-scaled.jpg","type":"image\/jpeg"}],"twitter_card":"summary_large_image","twitter_misc":{"Gesch\u00e4tzte Lesezeit":"4\u00a0Minuten"},"schema":{"@context":"https:\/\/schema.org","@graph":[{"@type":"WebPage","@id":"https:\/\/www.bike-guides.de\/index.php\/bike-treff-saisonabschlussevent-teil-1-melibokus-und-umgebung-am-16-09-2023\/","url":"https:\/\/www.bike-guides.de\/index.php\/bike-treff-saisonabschlussevent-teil-1-melibokus-und-umgebung-am-16-09-2023\/","name":"Bike-Treff Saisonabschlussevent Teil 1: Melibokus und Umgebung am 16.09.2023 - Bike-Guides Weinheim","isPartOf":{"@id":"https:\/\/www.bike-guides.de\/#website"},"primaryImageOfPage":{"@id":"https:\/\/www.bike-guides.de\/index.php\/bike-treff-saisonabschlussevent-teil-1-melibokus-und-umgebung-am-16-09-2023\/#primaryimage"},"image":{"@id":"https:\/\/www.bike-guides.de\/index.php\/bike-treff-saisonabschlussevent-teil-1-melibokus-und-umgebung-am-16-09-2023\/#primaryimage"},"thumbnailUrl":"https:\/\/www.bike-guides.de\/wp-content\/uploads\/2023\/09\/SnapShot0-scaled.jpg","datePublished":"2023-09-15T08:51:08+00:00","dateModified":"2023-09-15T09:58:53+00:00","breadcrumb":{"@id":"https:\/\/www.bike-guides.de\/index.php\/bike-treff-saisonabschlussevent-teil-1-melibokus-und-umgebung-am-16-09-2023\/#breadcrumb"},"inLanguage":"de","potentialAction":[{"@type":"ReadAction","target":["https:\/\/www.bike-guides.de\/index.php\/bike-treff-saisonabschlussevent-teil-1-melibokus-und-umgebung-am-16-09-2023\/"]}]},{"@type":"ImageObject","inLanguage":"de","@id":"https:\/\/www.bike-guides.de\/index.php\/bike-treff-saisonabschlussevent-teil-1-melibokus-und-umgebung-am-16-09-2023\/#primaryimage","url":"https:\/\/www.bike-guides.de\/wp-content\/uploads\/2023\/09\/SnapShot0-scaled.jpg","contentUrl":"https:\/\/www.bike-guides.de\/wp-content\/uploads\/2023\/09\/SnapShot0-scaled.jpg","width":2560,"height":1440},{"@type":"BreadcrumbList","@id":"https:\/\/www.bike-guides.de\/index.php\/bike-treff-saisonabschlussevent-teil-1-melibokus-und-umgebung-am-16-09-2023\/#breadcrumb","itemListElement":[{"@type":"ListItem","position":1,"name":"Startseite","item":"https:\/\/www.bike-guides.de\/"},{"@type":"ListItem","position":2,"name":"Bike-Treff Saisonabschlussevent Teil 1: Melibokus und Umgebung am 16.09.2023"}]},{"@type":"WebSite","@id":"https:\/\/www.bike-guides.de\/#website","url":"https:\/\/www.bike-guides.de\/","name":"Bike-Guides Weinheim","description":"Gef\u00fchrte Touren und Events mit dem E-Mountainbike im Odenwald","publisher":{"@id":"https:\/\/www.bike-guides.de\/#organization"},"potentialAction":[{"@type":"SearchAction","target":{"@type":"EntryPoint","urlTemplate":"https:\/\/www.bike-guides.de\/?s={search_term_string}"},"query-input":{"@type":"PropertyValueSpecification","valueRequired":true,"valueName":"search_term_string"}}],"inLanguage":"de"},{"@type":"Organization","@id":"https:\/\/www.bike-guides.de\/#organization","name":"Bike-Guides Weinheim","url":"https:\/\/www.bike-guides.de\/","logo":{"@type":"ImageObject","inLanguage":"de","@id":"https:\/\/www.bike-guides.de\/#\/schema\/logo\/image\/","url":"https:\/\/www.bike-guides.de\/wp-content\/uploads\/2022\/10\/cropped-logo-wei-wei.png","contentUrl":"https:\/\/www.bike-guides.de\/wp-content\/uploads\/2022\/10\/cropped-logo-wei-wei.png","width":313,"height":250,"caption":"Bike-Guides Weinheim"},"image":{"@id":"https:\/\/www.bike-guides.de\/#\/schema\/logo\/image\/"}}]}},"jetpack_sharing_enabled":true,"_links":{"self":[{"href":"https:\/\/www.bike-guides.de\/index.php\/wp-json\/wp\/v2\/pages\/2656","targetHints":{"allow":["GET"]}}],"collection":[{"href":"https:\/\/www.bike-guides.de\/index.php\/wp-json\/wp\/v2\/pages"}],"about":[{"href":"https:\/\/www.bike-guides.de\/index.php\/wp-json\/wp\/v2\/types\/page"}],"author":[{"embeddable":true,"href":"https:\/\/www.bike-guides.de\/index.php\/wp-json\/wp\/v2\/users\/1"}],"replies":[{"embeddable":true,"href":"https:\/\/www.bike-guides.de\/index.php\/wp-json\/wp\/v2\/comments?post=2656"}],"version-history":[{"count":21,"href":"https:\/\/www.bike-guides.de\/index.php\/wp-json\/wp\/v2\/pages\/2656\/revisions"}],"predecessor-version":[{"id":2680,"href":"https:\/\/www.bike-guides.de\/index.php\/wp-json\/wp\/v2\/pages\/2656\/revisions\/2680"}],"wp:featuredmedia":[{"embeddable":true,"href":"https:\/\/www.bike-guides.de\/index.php\/wp-json\/wp\/v2\/media\/2672"}],"wp:attachment":[{"href":"https:\/\/www.bike-guides.de\/index.php\/wp-json\/wp\/v2\/media?parent=2656"}],"curies":[{"name":"wp","href":"https:\/\/api.w.org\/{rel}","templated":true}]}}