{"id":2,"date":"2022-10-01T20:04:43","date_gmt":"2022-10-01T20:04:43","guid":{"rendered":"https:\/\/www.bike-guides.de\/?page_id=2"},"modified":"2023-08-03T13:34:28","modified_gmt":"2023-08-03T11:34:28","slug":"angebot-e-mountainbike-touren","status":"publish","type":"page","link":"https:\/\/www.bike-guides.de\/index.php\/angebot-e-mountainbike-touren\/","title":{"rendered":"Wir holen euch raus"},"content":{"rendered":"\n<hr class=\"wp-block-separator has-alpha-channel-opacity is-style-wide\"\/>\n\n\n\n<p class=\"has-text-align-center has-medium-font-size\"><strong>+++ AKTUELL+++<\/strong><br>Verschenke Premiumzeit:<br><a href=\"https:\/\/www.bike-guides.de\/index.php\/das-besondere-geschenk\/\">Geschenkgutscheine<\/a> von den Bike-Guides<br><strong>++++++++++<\/strong><\/p>\n\n\n\n<hr class=\"wp-block-separator has-alpha-channel-opacity is-style-wide\"\/>\n\n\n\n<h2 class=\"wp-block-heading\"><strong>Gef\u00fchrte E-Mountainbike-Touren<\/strong><\/h2>\n\n\n\n<p>Entdecke mit uns die einzigartige Natur des Odenwaldes. Lass dir die sch\u00f6nsten Orte und Wege der Umgebung zeigen. F\u00fcr Gruppen bis maximal 10 Personen.<\/p>\n\n\n\n<h2 class=\"wp-block-heading\"><strong>Mountainbike-Wochenenden im Odenwald<\/strong><\/h2>\n\n\n\n<p>Organisierte und gef\u00fchrte Wochenend-Events. Einchecken, Wohlf\u00fchlen, Alltag vergessen &#8211; wir k\u00fcmmern uns um den Rest. Von der Unterkunft \u00fcber die Leihr\u00e4der (falls ben\u00f6tigt), \u00fcber die Einweisung bis hin zur Planung der Tour.<\/p>\n\n\n\n<p class=\"has-small-font-size\"><em><a href=\"https:\/\/www.bike-guides.de\/index.php\/2022\/10\/16\/burgen-tour-mit-mountainbikes-bis-ans-ende-der-welt\/\">&gt;&gt;zum Bericht<\/a><\/em><br><a href=\"https:\/\/www.bike-guides.de\/index.php\/termine-2023\/\">&gt;&gt;Termine 2023<\/a><br><a href=\"https:\/\/www.bike-guides.de\/index.php\/leistungen-und-preise-2-tages-e-mountainbike-camp\/\">&gt;&gt;Preise und Leistungen<\/a><\/p>\n\n\n\n<figure class=\"wp-block-image size-full\"><img loading=\"lazy\" decoding=\"async\" width=\"1000\" height=\"1000\" src=\"https:\/\/www.bike-guides.de\/wp-content\/uploads\/2023\/04\/20230410_154842249_iOS.jpg\" alt=\"\" class=\"wp-image-1395\" srcset=\"https:\/\/www.bike-guides.de\/wp-content\/uploads\/2023\/04\/20230410_154842249_iOS.jpg 1000w, https:\/\/www.bike-guides.de\/wp-content\/uploads\/2023\/04\/20230410_154842249_iOS-300x300.jpg 300w, https:\/\/www.bike-guides.de\/wp-content\/uploads\/2023\/04\/20230410_154842249_iOS-150x150.jpg 150w, https:\/\/www.bike-guides.de\/wp-content\/uploads\/2023\/04\/20230410_154842249_iOS-768x768.jpg 768w, https:\/\/www.bike-guides.de\/wp-content\/uploads\/2023\/04\/20230410_154842249_iOS-100x100.jpg 100w\" sizes=\"auto, (max-width: 767px) 89vw, (max-width: 1000px) 54vw, (max-width: 1071px) 543px, 580px\" \/><\/figure>\n\n\n\n<h2 class=\"wp-block-heading\"><strong>Schnuppertouren mit dem E-Mountainbike<\/strong><\/h2>\n\n\n\n<p>Interessiert, aber unsicher, ob das wirklich etwas f\u00fcr dich ist? Probier es mit uns aus. Wir besorgen dir ein Leihrad, wir weisen dich in die Basics der Fahrtechnik ein und suchen gemeinsam geeignete Strecken f\u00fcr die ersten Fahrversuche aus.<\/p>\n\n\n\n<p class=\"has-small-font-size\"><a href=\"https:\/\/www.bike-guides.de\/index.php\/2023\/01\/29\/e-mountainbike-taufe-im-schnee\/\">&gt;&gt;zum Bericht<\/a><br><a href=\"https:\/\/www.bike-guides.de\/index.php\/wie-ihr-uns-wahrnehmt\/\">&gt;&gt;Rezension<\/a><\/p>\n\n\n\n<p class=\"has-small-font-size\"><\/p>\n\n\n\n<h2 class=\"wp-block-heading\"><strong>Team-Events und Firmen<\/strong><\/h2>\n\n\n\n<p>Wir planen f\u00fcr dein Team ein Highlight nach Ma\u00df. Unvergessliche Erlebnisse schwei\u00dfen euch zusammen, motivieren und geben neue Impulse f\u00fcr die Zusammenarbeit im Alltag &#8211; Betreuung durch erfahrenen Coach.<\/p>\n\n\n\n<p class=\"has-small-font-size\"><a href=\"https:\/\/www.bike-guides.de\/index.php\/teamerlebnisse-schaffen\/\">&gt;&gt;mehr dazu&#8230;<\/a><\/p>\n\n\n<div class=\"wp-block-image\">\n<figure class=\"alignleft size-full\"><img loading=\"lazy\" decoding=\"async\" width=\"200\" height=\"257\" src=\"https:\/\/www.bike-guides.de\/wp-content\/uploads\/2022\/10\/Motto-Logo-e1665597120190.png\" alt=\"\" class=\"wp-image-189\"\/><\/figure>\n<\/div>\n\n\n<hr class=\"wp-block-separator has-alpha-channel-opacity\"\/>\n\n\n\n<hr class=\"wp-block-separator has-alpha-channel-opacity\"\/>\n","protected":false},"excerpt":{"rendered":"<p>+++ AKTUELL+++Verschenke Premiumzeit:Geschenkgutscheine von den Bike-Guides++++++++++ Gef\u00fchrte E-Mountainbike-Touren Entdecke mit uns die einzigartige Natur des Odenwaldes. Lass dir die sch\u00f6nsten Orte und Wege der Umgebung zeigen. F\u00fcr Gruppen bis maximal 10 Personen. Mountainbike-Wochenenden im Odenwald Organisierte und gef\u00fchrte Wochenend-Events. Einchecken, Wohlf\u00fchlen, Alltag vergessen &#8211; wir k\u00fcmmern uns um den Rest. Von der Unterkunft \u00fcber die &hellip; <\/p>\n<p class=\"link-more\"><a href=\"https:\/\/www.bike-guides.de\/index.php\/angebot-e-mountainbike-touren\/\" class=\"more-link\"><span class=\"screen-reader-text\">\u201eWir holen euch raus\u201c <\/span>weiterlesen<\/a><\/p>\n","protected":false},"author":1,"featured_media":1252,"parent":0,"menu_order":0,"comment_status":"closed","ping_status":"open","template":"","meta":{"jetpack_post_was_ever_published":false,"footnotes":""},"class_list":["post-2","page","type-page","status-publish","has-post-thumbnail","hentry"],"yoast_head":"<!-- This site is optimized with the Yoast SEO plugin v27.5 - https:\/\/yoast.com\/product\/yoast-seo-wordpress\/ -->\n<title>Unser Angebot - Touren und Events mit dem E-Moutainbike im Odenwald<\/title>\n<meta name=\"description\" content=\"Unsere Pakete - wir bieten gef\u00fchrte Touren im Odenwald und durch erfahrenen Coach begleitete Team-Events f\u00fcr Firmen und Organisationen an.\" \/>\n<meta name=\"robots\" content=\"index, follow, max-snippet:-1, max-image-preview:large, max-video-preview:-1\" \/>\n<link rel=\"canonical\" href=\"https:\/\/www.bike-guides.de\/index.php\/angebot-e-mountainbike-touren\/\" \/>\n<meta property=\"og:locale\" content=\"de_DE\" \/>\n<meta property=\"og:type\" content=\"article\" \/>\n<meta property=\"og:title\" content=\"Unser Angebot - Touren und Events mit dem E-Moutainbike im Odenwald\" \/>\n<meta property=\"og:description\" content=\"Unsere Pakete - wir bieten gef\u00fchrte Touren im Odenwald und durch erfahrenen Coach begleitete Team-Events f\u00fcr Firmen und Organisationen an.\" \/>\n<meta property=\"og:url\" content=\"https:\/\/www.bike-guides.de\/index.php\/angebot-e-mountainbike-touren\/\" \/>\n<meta property=\"og:site_name\" content=\"Bike-Guides Weinheim\" \/>\n<meta property=\"article:modified_time\" content=\"2023-08-03T11:34:28+00:00\" \/>\n<meta property=\"og:image\" content=\"https:\/\/www.bike-guides.de\/wp-content\/uploads\/2023\/03\/Alex-korr-scaled-e1680470231626.jpg\" \/>\n\t<meta property=\"og:image:width\" content=\"2000\" \/>\n\t<meta property=\"og:image:height\" content=\"1125\" \/>\n\t<meta property=\"og:image:type\" content=\"image\/jpeg\" \/>\n<meta name=\"twitter:card\" content=\"summary_large_image\" \/>\n<meta name=\"twitter:label1\" content=\"Gesch\u00e4tzte Lesezeit\" \/>\n\t<meta name=\"twitter:data1\" content=\"2\u00a0Minuten\" \/>\n<script type=\"application\/ld+json\" class=\"yoast-schema-graph\">{\"@context\":\"https:\\\/\\\/schema.org\",\"@graph\":[{\"@type\":\"WebPage\",\"@id\":\"https:\\\/\\\/www.bike-guides.de\\\/index.php\\\/angebot-e-mountainbike-touren\\\/\",\"url\":\"https:\\\/\\\/www.bike-guides.de\\\/index.php\\\/angebot-e-mountainbike-touren\\\/\",\"name\":\"Unser Angebot - Touren und Events mit dem E-Moutainbike im Odenwald\",\"isPartOf\":{\"@id\":\"https:\\\/\\\/www.bike-guides.de\\\/#website\"},\"primaryImageOfPage\":{\"@id\":\"https:\\\/\\\/www.bike-guides.de\\\/index.php\\\/angebot-e-mountainbike-touren\\\/#primaryimage\"},\"image\":{\"@id\":\"https:\\\/\\\/www.bike-guides.de\\\/index.php\\\/angebot-e-mountainbike-touren\\\/#primaryimage\"},\"thumbnailUrl\":\"https:\\\/\\\/www.bike-guides.de\\\/wp-content\\\/uploads\\\/2023\\\/03\\\/Alex-korr-scaled-e1680470231626.jpg\",\"datePublished\":\"2022-10-01T20:04:43+00:00\",\"dateModified\":\"2023-08-03T11:34:28+00:00\",\"description\":\"Unsere Pakete - wir bieten gef\u00fchrte Touren im Odenwald und durch erfahrenen Coach begleitete Team-Events f\u00fcr Firmen und Organisationen an.\",\"breadcrumb\":{\"@id\":\"https:\\\/\\\/www.bike-guides.de\\\/index.php\\\/angebot-e-mountainbike-touren\\\/#breadcrumb\"},\"inLanguage\":\"de\",\"potentialAction\":[{\"@type\":\"ReadAction\",\"target\":[\"https:\\\/\\\/www.bike-guides.de\\\/index.php\\\/angebot-e-mountainbike-touren\\\/\"]}]},{\"@type\":\"ImageObject\",\"inLanguage\":\"de\",\"@id\":\"https:\\\/\\\/www.bike-guides.de\\\/index.php\\\/angebot-e-mountainbike-touren\\\/#primaryimage\",\"url\":\"https:\\\/\\\/www.bike-guides.de\\\/wp-content\\\/uploads\\\/2023\\\/03\\\/Alex-korr-scaled-e1680470231626.jpg\",\"contentUrl\":\"https:\\\/\\\/www.bike-guides.de\\\/wp-content\\\/uploads\\\/2023\\\/03\\\/Alex-korr-scaled-e1680470231626.jpg\",\"width\":2000,\"height\":1125},{\"@type\":\"BreadcrumbList\",\"@id\":\"https:\\\/\\\/www.bike-guides.de\\\/index.php\\\/angebot-e-mountainbike-touren\\\/#breadcrumb\",\"itemListElement\":[{\"@type\":\"ListItem\",\"position\":1,\"name\":\"Startseite\",\"item\":\"https:\\\/\\\/www.bike-guides.de\\\/\"},{\"@type\":\"ListItem\",\"position\":2,\"name\":\"Wir holen euch raus\"}]},{\"@type\":\"WebSite\",\"@id\":\"https:\\\/\\\/www.bike-guides.de\\\/#website\",\"url\":\"https:\\\/\\\/www.bike-guides.de\\\/\",\"name\":\"Bike-Guides Weinheim\",\"description\":\"Gef\u00fchrte Touren und Events mit dem E-Mountainbike im Odenwald\",\"publisher\":{\"@id\":\"https:\\\/\\\/www.bike-guides.de\\\/#organization\"},\"potentialAction\":[{\"@type\":\"SearchAction\",\"target\":{\"@type\":\"EntryPoint\",\"urlTemplate\":\"https:\\\/\\\/www.bike-guides.de\\\/?s={search_term_string}\"},\"query-input\":{\"@type\":\"PropertyValueSpecification\",\"valueRequired\":true,\"valueName\":\"search_term_string\"}}],\"inLanguage\":\"de\"},{\"@type\":\"Organization\",\"@id\":\"https:\\\/\\\/www.bike-guides.de\\\/#organization\",\"name\":\"Bike-Guides Weinheim\",\"url\":\"https:\\\/\\\/www.bike-guides.de\\\/\",\"logo\":{\"@type\":\"ImageObject\",\"inLanguage\":\"de\",\"@id\":\"https:\\\/\\\/www.bike-guides.de\\\/#\\\/schema\\\/logo\\\/image\\\/\",\"url\":\"https:\\\/\\\/www.bike-guides.de\\\/wp-content\\\/uploads\\\/2022\\\/10\\\/cropped-logo-wei-wei.png\",\"contentUrl\":\"https:\\\/\\\/www.bike-guides.de\\\/wp-content\\\/uploads\\\/2022\\\/10\\\/cropped-logo-wei-wei.png\",\"width\":313,\"height\":250,\"caption\":\"Bike-Guides Weinheim\"},\"image\":{\"@id\":\"https:\\\/\\\/www.bike-guides.de\\\/#\\\/schema\\\/logo\\\/image\\\/\"}}]}<\/script>\n<!-- \/ Yoast SEO plugin. -->","yoast_head_json":{"title":"Unser Angebot - Touren und Events mit dem E-Moutainbike im Odenwald","description":"Unsere Pakete - wir bieten gef\u00fchrte Touren im Odenwald und durch erfahrenen Coach begleitete Team-Events f\u00fcr Firmen und Organisationen an.","robots":{"index":"index","follow":"follow","max-snippet":"max-snippet:-1","max-image-preview":"max-image-preview:large","max-video-preview":"max-video-preview:-1"},"canonical":"https:\/\/www.bike-guides.de\/index.php\/angebot-e-mountainbike-touren\/","og_locale":"de_DE","og_type":"article","og_title":"Unser Angebot - Touren und Events mit dem E-Moutainbike im Odenwald","og_description":"Unsere Pakete - wir bieten gef\u00fchrte Touren im Odenwald und durch erfahrenen Coach begleitete Team-Events f\u00fcr Firmen und Organisationen an.","og_url":"https:\/\/www.bike-guides.de\/index.php\/angebot-e-mountainbike-touren\/","og_site_name":"Bike-Guides Weinheim","article_modified_time":"2023-08-03T11:34:28+00:00","og_image":[{"width":2000,"height":1125,"url":"https:\/\/www.bike-guides.de\/wp-content\/uploads\/2023\/03\/Alex-korr-scaled-e1680470231626.jpg","type":"image\/jpeg"}],"twitter_card":"summary_large_image","twitter_misc":{"Gesch\u00e4tzte Lesezeit":"2\u00a0Minuten"},"schema":{"@context":"https:\/\/schema.org","@graph":[{"@type":"WebPage","@id":"https:\/\/www.bike-guides.de\/index.php\/angebot-e-mountainbike-touren\/","url":"https:\/\/www.bike-guides.de\/index.php\/angebot-e-mountainbike-touren\/","name":"Unser Angebot - Touren und Events mit dem E-Moutainbike im Odenwald","isPartOf":{"@id":"https:\/\/www.bike-guides.de\/#website"},"primaryImageOfPage":{"@id":"https:\/\/www.bike-guides.de\/index.php\/angebot-e-mountainbike-touren\/#primaryimage"},"image":{"@id":"https:\/\/www.bike-guides.de\/index.php\/angebot-e-mountainbike-touren\/#primaryimage"},"thumbnailUrl":"https:\/\/www.bike-guides.de\/wp-content\/uploads\/2023\/03\/Alex-korr-scaled-e1680470231626.jpg","datePublished":"2022-10-01T20:04:43+00:00","dateModified":"2023-08-03T11:34:28+00:00","description":"Unsere Pakete - wir bieten gef\u00fchrte Touren im Odenwald und durch erfahrenen Coach begleitete Team-Events f\u00fcr Firmen und Organisationen an.","breadcrumb":{"@id":"https:\/\/www.bike-guides.de\/index.php\/angebot-e-mountainbike-touren\/#breadcrumb"},"inLanguage":"de","potentialAction":[{"@type":"ReadAction","target":["https:\/\/www.bike-guides.de\/index.php\/angebot-e-mountainbike-touren\/"]}]},{"@type":"ImageObject","inLanguage":"de","@id":"https:\/\/www.bike-guides.de\/index.php\/angebot-e-mountainbike-touren\/#primaryimage","url":"https:\/\/www.bike-guides.de\/wp-content\/uploads\/2023\/03\/Alex-korr-scaled-e1680470231626.jpg","contentUrl":"https:\/\/www.bike-guides.de\/wp-content\/uploads\/2023\/03\/Alex-korr-scaled-e1680470231626.jpg","width":2000,"height":1125},{"@type":"BreadcrumbList","@id":"https:\/\/www.bike-guides.de\/index.php\/angebot-e-mountainbike-touren\/#breadcrumb","itemListElement":[{"@type":"ListItem","position":1,"name":"Startseite","item":"https:\/\/www.bike-guides.de\/"},{"@type":"ListItem","position":2,"name":"Wir holen euch raus"}]},{"@type":"WebSite","@id":"https:\/\/www.bike-guides.de\/#website","url":"https:\/\/www.bike-guides.de\/","name":"Bike-Guides Weinheim","description":"Gef\u00fchrte Touren und Events mit dem E-Mountainbike im Odenwald","publisher":{"@id":"https:\/\/www.bike-guides.de\/#organization"},"potentialAction":[{"@type":"SearchAction","target":{"@type":"EntryPoint","urlTemplate":"https:\/\/www.bike-guides.de\/?s={search_term_string}"},"query-input":{"@type":"PropertyValueSpecification","valueRequired":true,"valueName":"search_term_string"}}],"inLanguage":"de"},{"@type":"Organization","@id":"https:\/\/www.bike-guides.de\/#organization","name":"Bike-Guides Weinheim","url":"https:\/\/www.bike-guides.de\/","logo":{"@type":"ImageObject","inLanguage":"de","@id":"https:\/\/www.bike-guides.de\/#\/schema\/logo\/image\/","url":"https:\/\/www.bike-guides.de\/wp-content\/uploads\/2022\/10\/cropped-logo-wei-wei.png","contentUrl":"https:\/\/www.bike-guides.de\/wp-content\/uploads\/2022\/10\/cropped-logo-wei-wei.png","width":313,"height":250,"caption":"Bike-Guides Weinheim"},"image":{"@id":"https:\/\/www.bike-guides.de\/#\/schema\/logo\/image\/"}}]}},"jetpack_sharing_enabled":true,"_links":{"self":[{"href":"https:\/\/www.bike-guides.de\/index.php\/wp-json\/wp\/v2\/pages\/2","targetHints":{"allow":["GET"]}}],"collection":[{"href":"https:\/\/www.bike-guides.de\/index.php\/wp-json\/wp\/v2\/pages"}],"about":[{"href":"https:\/\/www.bike-guides.de\/index.php\/wp-json\/wp\/v2\/types\/page"}],"author":[{"embeddable":true,"href":"https:\/\/www.bike-guides.de\/index.php\/wp-json\/wp\/v2\/users\/1"}],"replies":[{"embeddable":true,"href":"https:\/\/www.bike-guides.de\/index.php\/wp-json\/wp\/v2\/comments?post=2"}],"version-history":[{"count":31,"href":"https:\/\/www.bike-guides.de\/index.php\/wp-json\/wp\/v2\/pages\/2\/revisions"}],"predecessor-version":[{"id":2626,"href":"https:\/\/www.bike-guides.de\/index.php\/wp-json\/wp\/v2\/pages\/2\/revisions\/2626"}],"wp:featuredmedia":[{"embeddable":true,"href":"https:\/\/www.bike-guides.de\/index.php\/wp-json\/wp\/v2\/media\/1252"}],"wp:attachment":[{"href":"https:\/\/www.bike-guides.de\/index.php\/wp-json\/wp\/v2\/media?parent=2"}],"curies":[{"name":"wp","href":"https:\/\/api.w.org\/{rel}","templated":true}]}}